801 a prime number?
False
Is 29959589 a composite number?
True
Is 42690233 a composite number?
True
Is 240315403 prime?
False
Is 9943397 a prime number?
True
Is 9771563 prime?
False
Is 740321 composite?
False
Is 56359 a composite number?
False
Is 13111991 composite?
True
Is 1526767 a prime number?
False
Is 29132531 composite?
False
Is 1627849 a composite number?
False
Is 69372361 a prime number?
True
Is 22455233 prime?
False
Is 1763766367 prime?
False
Is 5007557 a composite number?
True
Is 47753483 composite?
True
Is 122113753 a prime number?
True
Is 215223577 a composite number?
False
Is 132871873 a composite number?
False
Is 1665229 composite?
True
Is 65551033 composite?
False
Is 829111 a composite number?
False
Is 4442369 a composite number?
True
Is 8968567 prime?
True
Is 60430679 a composite number?
True
Is 35284309 prime?
True
Is 30569339 prime?
True
Is 1427801 a prime number?
False
Is 1004537 a composite number?
False
Is 4906589 composite?
False
Is 43631905 prime?
False
Is 2351201 a composite number?
False
Is 7089619 prime?
True
Is 104329718 composite?
True
Is 35036471 a composite number?
False
Is 10480189 composite?
False
Is 16996289 a prime number?
True
Is 2250559 a composite number?
False
Is 214433 a prime number?
True
Is 90887 a prime number?
True
Is 10063349 prime?
False
Is 323798081 a composite number?
False
Is 162479593 a prime number?
True
Is 1938847 a prime number?
True
Is 2258413 a prime number?
False
Is 2195957 a composite number?
True
Is 32491 a prime number?
True
Is 3688921 composite?
True
Is 7215277 prime?
True
Is 122949901 composite?
False
Is 21816391 a composite number?
True
Is 91316521 a prime number?
True
Is 1940251 prime?
False
Is 506609 a composite number?
False
Is 2002289 a composite number?
False
Is 62013067 composite?
True
Is 2789513 composite?
True
Is 160389283 composite?
True
Is 700471297 composite?
False
Is 26233717 a prime number?
True
Is 874103 a composite number?
False
Is 34488611 prime?
False
Is 25647899 a prime number?
False
Is 13623581 a prime number?
True
Is 3658931 composite?
True
Is 8962958 a composite number?
True
Is 243558503 a prime number?
True
Is 290920649 a prime number?
True
Is 113042551 a prime number?
False
Is 120142237 composite?
False
Is 11649769 a composite number?
True
Is 642935023 a composite number?
True
Is 816295 a composite number?
True
Is 1316863 a prime number?
False
Is 3933197 prime?
True
Is 4347813 a prime number?
False
Is 614219 prime?
True
Is 158011547 a composite number?
True
Is 67281287 a composite number?
True
Is 18536657 prime?
False
Is 2612109 a prime number?
False
Is 42414179 a prime number?
True
Is 281067263 composite?
False
Is 1162663 composite?
False
Is 11595667 composite?
False
Is 95971699 composite?
False
Is 356337523 composite?
True
Is 369051689 composite?
False
Is 8006513 a prime number?
True
Is 35581687 composite?
True
Is 30099703 a prime number?
False
Is 2275139 a prime number?
True
Is 53098555 a composite number?
True
Is 3445853 a prime number?
True
Is 32447 a composite number?
True
Is 62980153 a composite number?
True
Is 5766203 a composite number?
False
Is 26338443 prime?
False
Is 127170187 prime?
True
Is 36176059 a composite number?
False
Is 8392939 prime?
False
Is 43306553 composite?
False
Is 4007893 a prime number?
True
Is 826019 composite?
False
Is 163851511 a prime number?
True
Is 1055021 a composite number?
True
Is 68128477 a composite number?
False
Is 4032359 composite?
True
Is 71752981 a composite number?
False
Is 280225234 prime?
False
Is 138427 composite?
False
Is 21626951 prime?
True
Is 5977583 prime?
False
Is 82850371 a composite number?
False
Is 76631 a prime number?
True
Is 15631953 a prime number?
False
Is 205896239 prime?
True
Is 2083409 a prime number?
False
Is 57622943 a prime number?
False
Is 3902806 a composite number?
True
Is 637709 a prime number?
True
Is 19863703 composite?
False
Is 8891123 composite?
True
Is 5123143 a prime number?
True
Is 2519287 a prime number?
False
Is 13849421 a prime number?
True
Is 1554919 a prime number?
False
Is 3305179 a prime number?
True
Is 193048769 prime?
True
Is 524497 a prime number?
True
Is 32856389 a prime number?
False
Is 993847 composite?
True
Is 41619883 composite?
False
Is 17269717 a prime number?
False
Is 1494599 prime?
True
Is 27466693 prime?
True
Is 72962651 a composite number?
False
Is 13382881 composite?
False
Is 109847141 a composite number?
False
Is 39120547 a composite number?
True
Is 20779 a composite number?
True
Is 43368211 composite?
False
Is 19188329 a composite number?
False
Is 60539971 composite?
False
Is 1476149 a composite number?
False
Is 1325657 composite?
False
Is 175059257 a composite number?
False
Is 475889 composite?
False
Is 1340237 a prime number?
True
Is 15820499 prime?
True
Is 320821 a composite number?
False
Is 3657562 composite?
True
Is 2973433 a composite number?
False
Is 217869307 prime?
False
Is 441984397 prime?
True
Is 34683223 prime?
False
Is 101111377 a composite number?
False
Is 12426493 prime?
False
Is 734087 a composite number?
False
Is 174965123 prime?
True
Is 3999379 a prime number?
True
Is 4555214 a composite number?
True
Is 1702697 prime?
True
Is 39144011 prime?
True
Is 2738447 a composite number?
True
Is 148123 a prime number?
True
Is 24811849 composite?
True
Is 863048011 prime?
False
Is 6310963 prime?
True
Is 70205587 a prime number?
False
Is 258313205 composite?
True
Is 236132693 a composite number?
True
Is 26754851 a prime number?
False
Is 862441 a prime number?
True
Is 796313423 prime?
True
Is 4135541 prime?
True
Is 55481329 a prime number?
True
Is 15615959 prime?
True
Is 96850903 composite?
False
Is 176863 a prime number?
False
Is 14888831 a composite number?
True
Is 5454451 a prime number?
True
Is 53545787 composite?
False
Is 1574177 a prime number?
False
Is 27797149 composite?
False
Is 1931393 a prime number?
False
Is 45998503 a composite number?
False
Is 6571987 composite?
False
Is 40743497 composite?
True
Is 18753733 composite?
False
Is 41678701 prime?
True
Is 641651 composite?
True
Is 451859 a composite number?
False
Is 627377 a composite number?
False
Is 17297017 a composite number?
True
Is 6356167 prime?
False
Is 1742617 composite?
False
Is 1818277 composite?
False
Is 185209 prime?
False
Is 934531 composite?
True
Is 6230153 composite?
False
Is 220407133 a prime number?
False
Is 59495321 composite?
False
Is 5282009 prime?
False
Is 17323159 prime?
False
Is 405125873 prime?
True
Is 4598047 composite?
True
Is 106423781 composite?
False
Is 2649853 a composite number?
True
Is 3345907 composite?
False
Is 14552159 a composite number?
False
Is 2564857 prime?
True
Is 15000731 composite?
True
Is 13159379 composite?
False
Is 7953359 prime?
True
Is 5617163 prime?
True
Is 1112197 a composite number?
False
Is 5467879 a prime number?
True
Is 10334141 composite?
True
Is 14483057 a prime number?
True
Is 8453273 prime?
True
Is 111191219 a composite number?
False
Is 7609373 a prime number?
True
Is 250590881 a composite number?
False
Is 10948499 composite?
False
Is 41948533 a composite number?
True
Is 4981673 a prime number?
True
Is 127097197 a composite number?
False
Is 101987 prime?
True
Is 24539171 a composite number?
True
Is 36359093 composite?
False
Is 14479841 a composite number?
False
Is 82724173 a prime number?
False
Is 66928213 a composite number?
True
Is 687695159 a prime number?
True
Is 139430387 a prime number?
True
Is 39771827 a prime number?
False
Is 110521 a composite number?
True
Is 15244813 a prime number?
False
Is 4571731 composite?
False
Is 2467841 a prime number?
False
Is 49014397 a composite number?
False
Is 1820719 a composite number?
True
Is 9373909 a composite number?
False
Is 11659457 a composite number?
True
Is 702951 a composite number?
True
Is 147675251 composite?
True
Is 54131431 prime?
True
Is 567903409 composite?
False
Is 4031491 composite?
False
Is 918769 composite?
True
Is 25530853 a prime number?
False
Is 641051 composite?
False
Is 11392621 a prime number?
False
Is 266636957 a composite number?
False
Is 4793869 a composite number?
True
Is 834433 a composite number?
False
Is 1223957 composite?
True
Is 278147509 a prime number?
False
Is 21954941 prime?
True
Is 1080253 composite?
True
Is 145127849 composite?
False
Is 928123 composite